- 13. Let p(x) = 6*x - 7. Let l(b) = -6*m(b) + 11*p(b). What is l(-1)?
7
Let d(w) = -5*w**2 - 2 + 111*w**3 + 0 - 4*w - 112*w**3. Let m be -1 - (-3)/12*-4. What is d(m)?
-6
Let w(p) = 0*p**2 - 3*p**2 + 2*p**2 + p**3 + 1 + 6*p**2 + 4*p. Let o(f) = -f**3 + 7*f**2 - 7*f + 2. Let x be o(6). Give w(x).
1
Suppose 14*x - 23*x + 90 = 0. Let w(j) = -j + 3. Calculate w(x).
-7
Let z(u) = 99*u**3 - 5*u**2 - 98*u**3 - 2*u + 3*u**2 + 4. Let b be (12/7)/(5/35). Suppose 7*c = 3*c + b. Calculate z(c).
7
Let s(m) = 79*m**3 + 4*m**2 - 5*m - 13. Let a(i) = -20*i**3 - i**2 + i + 3. Suppose -9 + 3 = 3*v. Let x(n) = v*s(n) - 9*a(n). Give x(1).
23
Suppose 2*k + 3*k - 5 = 4*z, 35 = 2*k + 5*z. Let p(l) = l**2 - 3*l - 4. Determine p(k).
6
Let j = -93 - -83. Let n(t) = 18 - 5*t - 4 + 3*t + 4*t. Determine n(j).
-6
Suppose 54 + 58 = 16*o. Let i(v) = v**2 - 10*v + 20. Give i(o).
-1
Let m(k) be the second derivative of -1/3*k**3 + 4*k + 1/6*k**4 + 1/2*k**2 + 0. Calculate m(3).
13
Let w(r) = r - 4. Let u(f) = -f**3 - 11*f**2 + 7*f + 1. Let t(h) = -3*h**3 - 23*h**2 + 14*h + 3. Let b(a) = -2*t(a) + 5*u(a). Let l be b(8). Determine w(l).
-13
Let v(p) = -2*p**2 + 17*p - 12. Let h be v(8). Let g be 6/h*10/3. Let q(i) = 2*i + 4. Determine q(g).
-6
Let l be (-4 - (-7 - -3))/2. Suppose l = 3*b - 0*h - 2*h + 12, 5*h - 19 = 2*b. Let z(s) = -2*s. What is z(b)?
4
Let m(q) = -q + 3. Let o(d) = d**2 - 14*d - 20. Let p be o(16). Suppose 3 = p*i - 57. Calculate m(i).
-2
Suppose 63*n - 74*n = -99. Let x(b) be the third derivative of 0*b**4 - n*b**2 + 1/3*b**3 - 1/30*b**5 + 0*b + 0. Give x(-2).
-6
Let d = -36 + 37. Let t(h) = -1. Let p(f) = -6*f**2 + 2*f + 2. Let m = -2 - -1. Let w(j) = m*p(j) - 3*t(j). Determine w(d).
5
Let b = 8 + -4. Suppose s + 4*r - 14 = 0, 4*s - r = -6*r + 34. Let p(z) = 0*z + 57*z**3 - s*z + 4 - 58*z**3 + 5*z**2. Determine p(b).
-4
Let n(q) = -3 + 4*q + 5*q + 9*q - 17*q. Determine n(4).
1
Let f(c) be the second derivative of 1/2*c**3 + 0 + 1/20*c**5 + 29*c - 2*c**2 + 1/2*c**4. Give f(-5).
6
Let m(n) = -7*n**3 - 2*n**2 + 2*n - 10. Let k(a) = 3*a**3 + a**2 - a + 5. Let u(b) = 5*k(b) + 2*m(b). Let p be 66/(-11) + ((-4)/3)/((-46)/207). Determine u(p).
5
Let p(t) = -9*t - 16. Let h(n) = 4*n + 6. Let q(j) = 14*h(j) + 6*p(j). Calculate q(4).
-4
Let p(j) be the first derivative of j**4/4 - 5*j**3/3 + 2*j**2 - 6*j + 40. Let k be 3/18*-3*-8. Calculate p(k).
-6
Suppose 2*k + 34 - 186 = 0. Suppose -8*y + k = 44. Let g(m) = 2*m**2 - 5*m - 4. Give g(y).
8
Let v(q) = -4*q + 7. Suppose -102 = -2*m + 94. Let l(b) = b + 102 - 3*b - m. Let k(o) = 7*l(o) - 4*v(o). What is k(-4)?
-8
Let g(u) = u + 9. Let i(l) = -l**3 + 12*l**2 + 42*l + 50. Let b be i(15). Calculate g(b).
14
Suppose 5*v - 25 = 2*l, 5*v + l = 2 + 8. Let n(h) be the second derivative of 1/6*h**4 + 1/20*h**5 + 1/3*h**v - 1/2*h**2 + 5*h + 0. What is n(-2)?
-5
Let v(m) be the second derivative of m**3/2 - 17*m**2/2 - 4*m + 26. Determine v(6).
1
Suppose -51 - 77 = -3*a - m, 4*m + 176 = 4*a. Let j = a - 42. Let n(t) = 5*t. Determine n(j).
5
Let r(x) be the first derivative of 3*x**2/2 + 24*x - 7. What is r(-10)?
-6
Let h(y) = -3*y**2 + 3*y + 3. Suppose 4*i + l + 52 = 0, 5*l + 12 = 2*l. Let u be (0 - i)*2/8. Suppose 0 = -0*g - u*g - 6. Give h(g).
-15
Let t(d) = -2*d - 3. Suppose 5*s - s - 2*u = 14, 0 = 5*s + 4*u - 37. What is t(s)?
-13
Let l(y) = 2*y + 1. Suppose 3*u + 26 = 5*h, -4*h + 4*u = -h - 20. Suppose 3*s + 4*q = 23, h*s + 4*q - 2*q - 14 = 0. Determine l(s).
3
Let r(z) = -z**3 + 12*z**2 + 12*z + 18. Let p be r(13). Suppose 5*k = p, 2*k - 5 - 2 = m. Let g be (10/(-4))/m*10. Let w(n) = n**2 - 6*n + 6. Calculate w(g).
1
Let m(d) be the first derivative of -d**6/180 + d**5/40 - d**4/8 + 2*d**3 - 2. Let f(q) be the third derivative of m(q). Determine f(2).
-5
Suppose 18 = 4*y - 2. Let m be -15*-1*2/y. Let h(d) = 6*d - m*d + d. What is h(4)?
4
Let l(s) = -s + 0 - 2*s + 5*s - 8. What is l(5)?
2
Suppose 83*g + 6 = -k + 79*g, 0 = -3*k + 3*g + 27. Let y(m) = -4*m + 3 - 2*m + 3 + 7*m**2 - m**3. Determine y(k).
6
Suppose -8*r = -4 + 4. Suppose -16*n + 24*n + 24 = r. Let o(m) = 2*m - 2. Determine o(n).
-8
Let f = 5 + -2. Suppose 6 = -2*g + f*g. Let l(r) be the first derivative of r**2 - 4*r - 3. What is l(g)?
8
Let h(g) = -5*g**3 + 12*g**2 - 13*g + 8. Let l = -14 - -23. Let q(w) = -w**3 + 3*w**2 - 3*w + 2. Let v(m) = l*q(m) - 2*h(m). What is v(-4)?
-10
Let t(v) be the first derivative of -v**4/4 + 10*v**3/3 + 6*v**2 - 11*v + 138. Give t(11).
0
Let s(l) be the third derivative of -l**2 + 0 + 0*l**3 - 1/720*l**6 + 1/24*l**4 + 0*l + 1/60*l**5. Let m(o) be the second derivative of s(o). Calculate m(2).
0
Let b be 6/4*8/(-6). Let w(z) = z**3 + 4*z + 8 + 2*z**2 - 3*z - 9 - z**2. Determine w(b).
-7
Let j(z) = 2 + 9 + 2*z + 23. What is j(-13)?
8
Let c(b) be the second derivative of b**4/12 + b**3/3 - b. Suppose k - 5*w = -0*k - 15, 2*k - 30 = -5*w. Suppose 16 = -13*i + k*i. Calculate c(i).
0
Let j(y) = -2*y**3 + 7*y**2 + 2*y - 6. Let s(a) = -4*a**3 + 16*a**2 + 3*a - 13. Let p(g) = 5*j(g) - 2*s(g). Give p(3).
-19
Let o(f) = -5*f + 1. Suppose 36 = 2409*l - 2418*l. What is o(l)?
21
Suppose -1 + 26 = 5*n. Let f = -3 + n. Let v(o) = 0 - 2 + o - 2*o + 1 + o**3. Calculate v(f).
5
Let b(l) be the second derivative of -l**5/60 + 5*l**4/12 - 3*l**3/2 - 19*l**2 + 45*l. Let s(i) be the first derivative of b(i). Determine s(8).
7
Let o(b) be the first derivative of b**4/12 - 5*b**3/6 - 3*b**2 + 25*b - 25. Let r(v) be the first derivative of o(v). Determine r(5).
-6
Let p(n) = n**3 + 5*n**2 + n - 5. Let h(g) = 5*g + 16. Let d be h(-4). Calculate p(d).
7
Let c(t) = 26*t**2 - t + 3. Let d be c(-2). Suppose 5*i + 24 = d. Let p(y) = -y**2 + 15 - i + 4*y**2 - y + y**3. What is p(-3)?
1
Let i be ((-60)/(-24))/((-10)/(-4)). Let v(h) = 2*h + 4. Let x(z) = -z - 1. Let d(k) = i*v(k) + 6*x(k). Give d(-2).
6
Let o(q) = q - 15. Let k be o(14). Let u be 1 - (-2 - (3 + k)). Let b(w) be the second derivative of w**3/6 - 3*w**2/2 + 2*w. Give b(u).
2
Let k(m) = m + 11. Let n be k(-7). Let h(f) be the third derivative of f**4/12 - f**3/6 - 33*f**2 + 7. Calculate h(n).
7
Let j(y) = -4*y**2 + 3*y - 4. Let k(h) = -6*h**2 + 4*h - 6. Let p(t) = -4*j(t) + 3*k(t). Give p(-3).
-20
Let s(g) be the second derivative of g**6/120 - g**5/10 + g**4/4 + g**3/2 - 15*g**2/2 + 5*g. Let k(p) be the first derivative of s(p). Calculate k(5).
8
Let w be (-42)/28*1*-2. Suppose w*r = 6 - 3. Let m(d) be the third derivative of -11*d**6/120 + d**5/60 - d**3/6 - 20*d**2. Give m(r).
-11
Let p = -266 + 268. Let o(m) be the second derivative of 1/6*m**3 + 7*m + 0 + m**p. Give o(2).
4
Suppose 0 = -2*s + 3*w + 2*w + 23, 4*s = -3*w + 7. Suppose s*b = b. Suppose b = -5*x - 24 - 6. Let m(o) = -o**3 - 6*o**2 - o + 3. Give m(x).
9
Let z be 1/((3/1)/3). Let j(o) = 5*o. Let k be j(z). Suppose 2*h = 4*y - 28, -6*y + k*h + 35 = -3*y. Let v(c) = c**2 - 2*c - 3. Give v(y).
12
Let u(b) = -b**2 - 6*b + 10. Let v be -7*(4 - (7 + -4)). Give u(v).
3
Let d be 54/(-3)*(-2)/4. Let l be (-51)/9 + 6/d. Let k(o) = -o - 12. Let i(c) = 2*c + 24. Let z(m) = l*k(m) - 2*i(m). Calculate z(0).
12
Let l = -141 - -130. Let g(k) = 2*k + 11. Let b(z) be the first derivative of -z**2/2 - 6*z - 1. Let a(i) = l*b(i) - 6*g(i). Calculate a(3).
-3
Let c(b) = -13*b**2 - b + 14. Let j(z) = -28*z**2 - 2*z + 30. Let p(h) = -13*c(h) + 6*j(h). Determine p(-4).
10
Let f(t) = -7*t - 26. Let n be f(-4). Let y(d) = -1 + d**n + 1 + d**3 + 2*d**2 - d. What is y(-3)?
3
Let r(i) be the third derivative of 0*i + 1/60*i**5 - 7*i**2 + 0 - 1/8*i**4 + 1/3*i**3. Calculate r(3).
2
Suppose -1 = -36*v + 35*v, 2*p - 2*v = 6. Let l(w) be the third derivative of 1/24*w**p - 2/3*w**3 + 0 + 0*w - w**2. Determine l(-3).
-7
Let x(p) = 2*p**2 + 9*p + 11. Let i(d) = -5*d**2 - 8*d - 1. Let l(z) = -z**2 - z + 1. Let a(u) = i(u) - 4*l(u). Let j(b) = -7*a(b) - 3*x(b). What is j(0)?
2
Let x(t) = 6 + 41*t + 39*t - 106*t + 0 + 36*t. Give x(-5).
-44
Let z(f) be the third derivative of -f**6/120 - f**5/6 + f**4/3 + 3*f**3/2 + 12*f**2 - 4*f. Calculate z(-11).
42
Let b(d) be the second derivative of -d + 1/6*d**3 + 0 + 2*d**2 + 1/12*d**4 - 1/60*d**5. Let a(t) be the first derivative of b(t). Determine a(3).
-2
Suppose 10*u - 11*u = -18. Let f(s) = u*s - 2 - 15*s + 2 + 4. Determine f(-3)